2/(-81)*(-3)/4. Let z(r) = -3*r - 2. Determine z(o).
10
Let i(a) = a**3 - a**2 - a - 1. Let o(j) = -3*j - 12. Let g(z) = z + 4. Let v(l) = 8*g(l) + 3*o(l). Suppose -12 = -9*q + 13*q. Let n be v(q). What is i(n)?
-2
Let n(p) be the second derivative of -p**7/2520 - p**6/240 - p**5/30 + p**4/12 + 2*p. Let k(y) be the third derivative of n(y). What is k(-3)?
-4
Let y(p) be the third derivative of p**4/24 + 2*p**3/3 + p**2. Determine y(-5).
-1
Let u(c) be the third derivative of -c**4/24 - c**3/2 + 26*c**2. Give u(-5).
2
Let k(p) = -p + 11. Let d = -12 + 19. Determine k(d).
4
Suppose -2*t + 14 = -2*f, 0 = f + 3*f - 2*t + 28. Let i(a) = -a - 9. Let s be i(f). Let l(y) = y**2 + 4*y + 3. Determine l(s).
-1
Let k(j) be the first derivative of -j**4/4 - 5*j**3/3 + 5*j**2/2 + 6*j - 4. Suppose -2*h = -2*p + 8, 2*h - 3*p = 4*h + 18. Give k(h).
12
Suppose 0*q = 5*q + 65. Let p = -18 - q. Let m(u) = u**3 - 6*u**2 - 7*u - 2. Let v(k) = 3*k**3 - 12*k**2 - 15*k - 3. Let a(s) = 5*m(s) - 2*v(s). Give a(p).
-4
Let j(d) be the third derivative of -d**4/12 + 5*d**3/3 + 4*d**2. Determine j(8).
-6
Let x be (34/7 + 2/14)*-1. Let o(b) = -3*b**3 + 8*b**2 - 6*b + 2. Let f(i) = -4*i**3 + 9*i**2 - 6*i + 3. Let v(k) = -4*f(k) + 5*o(k). Give v(x).
3
Let o(x) be the third derivative of -x**6/120 - x**3/6 - 3*x**2. Suppose 2*a - 1 = -3*t, 2*t + 0*t + 6 = 2*a. Calculate o(t).
0
Let u be (-4)/(-10) - (-54)/(-10). Suppose -5*n - 1 + 8 = 3*f, -2*f + 3*n = -11. Let w(h) = -3*h - f - 2*h + 5*h**2 - 2*h**2 - 4*h**2. Calculate w(u).
-4
Let w(m) be the second derivative of 3/2*m**2 + 0 - 2/3*m**3 - 1/12*m**4 + 1/20*m**5 - 8*m. Determine w(2).
-1
Let o(b) = b + 8. Let u(m) = m**2 + m + 1. Let t be u(0). Suppose 0 = i + 2*w - 2, -t = -2*i + 5*w - 42. Let c be o(i). Let q(n) = n**2 - n - 1. Calculate q(c).
-1
Suppose 5*g - 30 = i, 0 = 3*g - 2*g - 5*i - 6. Let m(x) = 2*x - 9. Calculate m(g).
3
Let g(h) = 2*h**2 - h. Let i = 5 + -3. Suppose i*d = 5*d - 9. Suppose -2*m = -3*c - 2*c - 5, d*c + 5*m = -3. Give g(c).
3
Let b(f) = -9*f**2 - 2 - f + 8*f**2 - 3*f**3 + 1. Give b(-1).
2
Let x = 25 - 22. Let o(g) = 2*g**2 - 2*g - 3. Calculate o(x).
9
Let p(c) = 2*c - 8*c + 5*c. Give p(-2).
2
Let l(k) = -2 + 2*k - k**2 + 2*k + 4 + 2*k**2. Let d be l(-4). Let y(q) = -2*q**2 + q**2 + 1 + q**d - 4*q + q**2. Determine y(3).
-2
Let f = 10 - 8. Let m(x) = 3*x - f + 1 - x + 2. What is m(-1)?
-1
Let j(o) be the third derivative of o**7/840 - o**6/120 - o**5/30 - o**4/6 - 5*o**3/6 + 4*o**2. Let k(b) be the first derivative of j(b). Give k(4).
-4
Let z(s) = s**3 + 4*s**2 + 2*s + 1. Let a be z(-2). Let h(t) = 3*t**2 - 5*t + 10. Let d(w) = w**2 - 2*w + 1. Let n(f) = -4*d(f) + h(f). What is n(a)?
-4
Let o(p) = -2*p - 1. Suppose -w - 3*w + 20 = 0. Let g = w + -6. Determine o(g).
1
Let t(q) = q + 1. Let y(m) be the third derivative of m**4/8 + 2*m**3/3 - m**2. Let a = 38 - 17. Let l(i) = a*t(i) - 6*y(i). Calculate l(3).
6
Let j(n) = -n**2 - 2*n - 1. Let t be 10/(-14) - 6/21. Determine j(t).
0
Let d(p) = 18 + 23 - 58 + 21 + p. Let c be 7/(-1)*1 + 1. What is d(c)?
-2
Let h(a) = 0 - 2*a**3 - 3 + a + 1. What is h(2)?
-16
Let j be 1/(-2)*-1*4. Let d(a) be the third derivative of a**4/12 - a**2. Determine d(j).
4
Let y = -10 - -10. Suppose y = 4*u - 3*k - 23, -3*u + k = -7*u + 3. Let h(s) = s**3 - s**2 - 4*s + 3. Give h(u).
-1
Suppose 3*u - 15 = 0, 2*u = j - 0*u + 9. Let x(k) = -6*k**2 + 5*k. Let q be (0 - -5)/((-2)/4). Let c(a) = -a**2 + a. Let z(v) = q*c(v) + 2*x(v). Give z(j).
-2
Suppose -3*f + 9 = -9. Let w(u) = u**3 - 5*u**2 - 7*u + 9. What is w(f)?
3
Let v = -27 - -30. Let o(b) = b**3 - 3*b**2 + b - 1. Calculate o(v).
2
Suppose 15 + 5 = -5*k + 3*h, 0 = -3*h. Let b(c) = -4*c + 7*c + 2 + 0*c. Calculate b(k).
-10
Let n(m) = m**3 + 5*m**2 - 2*m - 5. Let h(k) be the first derivative of k**2/2 - 2*k - 1. Let u be h(7). Suppose -3*r + 4 = u*w + 19, w = 0. Calculate n(r).
5
Suppose -3*m + 14 = 4*m. Let q = -6 - -13. Let o(r) = -5*r**m - 2 - r + q*r**2 - r. Determine o(2).
2
Let w be -2 - -4 - 14 - 0. Suppose -4 = 4*f, -3*f = -g + 2*f - 2. Let v = w - g. Let x(t) = t**3 + 6*t**2 + 5*t + 2. Determine x(v).
2
Let h be 4 + (1 - 1) + -1. Let q = -3 + h. Suppose 5*v = -r - 16, -v + 12 = 4*r - q*v. Let m(n) = -4*n + 4. What is m(r)?
-12
Let a(c) be the third derivative of 0 - c**2 + 1/24*c**4 + 0*c + 0*c**3. Calculate a(1).
1
Suppose -2*d = 3*d + 60. Let n be ((-6)/d)/((-1)/4). Let q(z) = -2*z**2 - 2*z + 7. Let i(h) = h**2 + h - 4. Let w(l) = 11*i(l) + 6*q(l). Give w(n).
-4
Let z(r) be the third derivative of -r**7/840 - r**6/72 + 3*r**5/40 + r**4/4 + r**3/6 - 3*r**2. Let q(h) be the first derivative of z(h). Calculate q(-6).
-12
Suppose -v = v - 6. Let l(z) = -3*z**v + 3 - 3*z + 5*z**2 + 1 + 2*z**3. Determine l(4).
8
Let b(y) = -y**2 + 4*y + 3. Let u be b(4). Let v(w) = -4*w - 3 + u. Let m be ((-33)/22)/((-3)/2). Calculate v(m).
-4
Let b = 26 + -20. Let h(u) be the third derivative of -u**6/120 + u**5/12 + u**4/3 - 5*u**3/6 - u**2. Give h(b).
7
Let d(n) = -n**2 - 4*n + 3. Let s = -3 + 3. Let w = -3 + s. Let q be 1/((-2 - -3)/w). What is d(q)?
6
Suppose -17*h + 22*h - 25 = 0. Let g(b) = -2*b - 6. Determine g(h).
-16
Let w(b) = b**2 + b + 1. Let u(q) = 7*q**2 + 4*q + 7. Let g(i) = -u(i) + 6*w(i). Determine g(1).
0
Let u(s) = -6 + 1 + 5*s + 2. Let k(d) = -d + 1. Let p(q) = 2*k(q) + u(q). Determine p(-2).
-7
Let g(v) be the second derivative of -7*v**3/3 + 41*v. Calculate g(1).
-14
Let z(l) = 0 - 2 + 5*l + 3*l. Give z(-2).
-18
Suppose -4*i + 5*a - 2 = -15, 0 = -4*i + 4*a + 12. Let l(g) = -7*g + 3. What is l(i)?
-11
Let n be (-5 - -3) + (5 - 1). Let a(z) = 3*z - z**3 + 0*z**2 - 3*z**n - 2 + 2*z. Let r = -5 - -1. Determine a(r).
-6
Let a(u) = u**3 + 8*u**2 + u + 2. Let n be a(-8). Let z(h) = -h + 1. Let m(l) = l - 12. Let w(g) = -m(g) - 3*z(g). Calculate w(n).
-3
Let b(j) = 11*j**2 + 7*j - 2. Let n(q) = -5*q**2 - 3*q + 1. Let s = 18 - 9. Let p(i) = s*n(i) + 4*b(i). Calculate p(2).
-1
Suppose 0*p = -2*p. Let m(r) = -r + 4. What is m(p)?
4
Let d(b) = b**3 + b**2 + b - 1. Let j(f) = -6*f**3 - 9*f**2 - 6*f + 8. Let w(s) = 5*d(s) + j(s). What is w(-4)?
7
Let u(a) be the third derivative of 0 + 1/60*a**5 + 0*a + 1/3*a**3 - 5*a**2 + 1/12*a**4. Calculate u(-3).
5
Let i(b) be the first derivative of b**2/2 - 9*b - 35. Calculate i(7).
-2
Let u(r) = 4*r - 25. Let b be u(7). Let v(p) = p**2 - 2*p + 2. Let k(s) = -3*s**2 + 5*s - 3. Let o(n) = 2*k(n) + 5*v(n). Give o(b).
-5
Let h be -3 + 1 - (19/(-3) - -4). Let g(w) be the first derivative of -3 - w**4 + h*w**3 + 0*w**2 - w. What is g(-1)?
4
Let d(m) = m + 3. Let r be d(0). Suppose 0*g - r*g - 22 = -5*l, 0 = -5*l + g + 14. Suppose l*j = -j + 3. Let w(u) = -6*u. Determine w(j).
-6
Let d(c) = -c**2 + 8*c - 2. Let n be d(3). Let t(q) = -3*q + 3*q - n + q. Suppose 3*a = 1 - 10, -3*s + 3*a + 27 = 0. What is t(s)?
-7
Let m(x) be the third derivative of x**5/60 + 5*x**4/24 - x**3/3 + 4*x**2. Calculate m(-4).
-6
Suppose 2*h - 48 = -2*h. Suppose h = 3*y - 3*w, w = 5*y - 2 - 6. Suppose d + 4 = v, -v - 4*d = -y + 22. Let x(n) = 3*n**2 - 2*n - 1. Calculate x(v).
4
Let f(y) be the second derivative of -y**3/6 - y**2/2 + 5*y. Let g(x) = x**3 - 3. Let n be g(0). Calculate f(n).
2
Suppose -3*d + 0*d = -33. Suppose 3*j = 4*j + d. Let v = j - -16. Let c(y) = -y**3 + 6*y**2 - 5*y + 3. Calculate c(v).
3
Let p(x) = 4*x**2 - 6*x + 5. Let i(j) = -3*j**2 + 6*j - 6. Let k(m) = 3*i(m) + 2*p(m). Let h(n) = -n**2 + 6*n - 7. Let v(z) = 5*h(z) - 4*k(z). Determine v(5).
2
Let v = 0 + 2. Let f(k) = -k**2 + 44 + 4*k**2 + 2*k - 45 - 3*k**3 + 2*k**3. Determine f(v).
7
Let x(l) = 3*l - 1. Let i(d) = 7*d - 2. Let w(t) = -7*t + 2. Let b(g) = 6*i(g) + 7*w(g). Let c(u) = 2*b(u) + 5*x(u). Calculate c(3).
2
Let r(a) = -a + 3. Suppose 0 = 3*k - 6*k - 2*w + 21, k + 4 = 3*w. Suppose -k*m + 0 = 20. Calculate r(m).
7
Let g be (3/2 + -2)*-2. Suppose z = -5 - g. Let r(h) = 6*h**2 - 3*h + 6. Let b(x) = 5*x**2 - 2*x + 6. Let p(q) = z*r(q) + 7*b(q). Calculate p(5).
1
Let c(r) = r**3 + 34 - 6*r**2 + 42 - 75. Calculate c(6).
1
Let j(i) be the second derivative of 0*i**2 - 1/3*i**3 + i + 0. Determine j(-2).
4
Let x(v) = -4*v**2 + 10*v + 7. Let s(t) = -3*t**2 + 9*t + 6. Let l(g) = 5*s(g) - 4*x(g). Calculate l(-7).
16
Let r(l) be the second derivative